{"id":700,"date":"2013-02-08T09:48:57","date_gmt":"2013-02-08T08:48:57","guid":{"rendered":"http:\/\/www.arbeidsutvalget.no\/?page_id=700"},"modified":"2013-04-10T13:11:14","modified_gmt":"2013-04-10T12:11:14","slug":"invitasjon-2","status":"publish","type":"page","link":"https:\/\/www.arbeidsutvalget.no\/?page_id=700","title":{"rendered":"Invitasjon"},"content":{"rendered":"<h1>Invitasjon til brukerm\u00f8te i Alta 14.-15. mai 2013<\/h1>\n<p><strong>P\u00e5meldingsfrist: mandag 15. mars 2013<\/strong>&#8211; v\u00e6r s\u00e5 snill \u00e5 overholde fristen<\/p>\n<p>I \u00e5r har vi gleden av \u00e5 invitere deg til brukerm\u00f8te i Alta tirsdag 14. og onsdag 15. mai 2013 p\u00e5 <a href=\"https:\/\/www.rica.no\/hoteller\/alta\/rica-hotel-alta\/\" target=\"_blank\">Rica Hotel Alta<\/a><\/p>\n<p>Vi har satt sammen et faglig program som vi h\u00e5per vil gi deg inspirasjon og faglig p\u00e5fyll du kan ta med hjem og bruke i eget bibliotek. Faste poster er p\u00e5 plass, med nytt fra bibliotekene og gruppearbeid, og selvf\u00f8lgelig presentasjoner fra Bibliotek-Systemer AS. P\u00e5 brukerm\u00f8tet f\u00e5r du kunnskap om Bibliofil og hva som er nytt, og du f\u00e5r muligheten til \u00e5 diskutere med andre som er opptatt av det samme som deg.<\/p>\n<p>I \u00e5r har vi to eksterne foredragsholdere:<\/p>\n<p>Kari J. Spjeldn\u00e6s, som leder allmennbokutvalget i Forleggerforeningen og til daglig arbeider i Aschehoug forlag vil ta turen og gi oss en statusrapport om e-boken i Norge, sett fr\u00e5 forlegger-st\u00e5sted.<\/p>\n<p>Niels Windfeld Lund, professor i dokumentasjonsvitenskap ved Universitetet i Troms\u00f8, vil snakke om utfordringer\u00a0 for framtidens bibliotekarer: \u201cHele biblioteksfeltet underg\u00e5r i disse \u00e5r store forandringer og det er vanskeligt at forudsige hvilke kompetencer, som bliver de mest afg\u00f8rende og centrale\u00a0 i dekommende \u00e5r :\u00a0 system-udvikling, h\u00e5ndtering af medie-formater, projektstyring eller bruker-dialog, m\u00e5ske lidt af det altsammen.\u201d.<\/p>\n<p><a href=\"https:\/\/www.arbeidsutvalget.no\/?page_id=696\" target=\"_blank\">Program<\/a> med forbehold om endringer.<\/p>\n<p>P\u00e5melding til Bibliotek-Systemer AS ved Bente Hasle. Benytt <a href=\"https:\/\/www.arbeidsutvalget.no\/cgi-bin\/webmail?form=brukermote2013\" target=\"_blank\">p\u00e5meldingsskjema<\/a><\/p>\n<p>Forslag til saker som \u00f8nskes tatt opp p\u00e5 brukerm\u00f8tet m\u00e5 sendes til\u00a0Arbeidsutvalget (e-post: <a href=\"mailto:arbutvalg@bibliofil.no\">arbutvalg@bibliofil.no<\/a>)\u00a0innen <strong>30. mars.<\/strong>\u00a0Saker innkommet\u00a0etter dette\u00a0tidspunktet vil ikke bli behandlet.<\/p>\n<p>Sp\u00f8rsm\u00e5l til Bibliotek-Systemer AS sendes Arbeidsutvalget innen<strong> 30. mars<\/strong>.\u00a0Sp\u00f8rsm\u00e5lene vil\u00a0bli lest opp og kommentert p\u00e5 m\u00f8tet. Svar fra Bibliotek-Systemer AS vil bli lagt ut p\u00e5 Bibliotekforeningens nettsted i etterkant av m\u00f8tet.<\/p>\n<p><strong>Kurs<\/strong><\/p>\n<p>Bibliotek-Systemer\u00a0 AS \u00a0vil ogs\u00e5 i \u00e5r arrangere kurs dagen f\u00f8r selve brukerm\u00f8tet (mandag 13. mai).\u00a0 Tittel p\u00e5 kurset er <strong>\u201cKjekke ting for systemansvarlige\u201d. <\/strong>Egen p\u00e5melding\u00a0 for dette kurset,\u00a0 se kurs-invitasjon\u00a0 fr\u00e5 Bibliotek-Systemer AS.<br \/>\nP\u00e5meldingsfrist\u00a0til kurset : mandag 15. mars.<\/p>\n<p><strong>Praktisk informasjon<\/strong><\/p>\n<p><strong>Reise til Alta<\/strong><\/p>\n<p>B\u00e5de SAS og Norwegian flyr\u00a0til\u00a0 Alta. Det er lurt \u00e5 v\u00e6re raskt ute med bestilling. Det er sv\u00e6rt kort avstand til Alta sentrum fra flyplassen.<br \/>\n<a href=\"http:\/\/www.avinor.no\/lufthavn\/alta\/transportogparkering?WT.ac=alta_til-fra-lufthavnen_tekstkampanje\" target=\"_blank\">Informasjon om transport til og fra flyplassen<\/a><\/p>\n<p><strong>Sosialt<\/strong><\/p>\n<p>Tirsdag kveld inviteres du til en mottakelse p\u00e5 flotte Alta Bibliotek.\u00a0 Det ligger f\u00e5 minutters gange fra hotellet, og har f\u00e5tt nye, pene lokaler, med spesiell og elegant innredning, som m\u00e5 ses!<\/p>\n<p>Etter mottakelsen p\u00e5\u00a0biblioteket er det satt opp buss til <a href=\"http:\/\/www.sorrisniva.no\/\" target=\"_blank\">Sorrisniva<\/a>, en hel\u00e5rlig opplevelses- og serveringsbedrift lokalisert ved bredden av Altaelva, hvor det vil bli servert festmiddag.<\/p>\n<p>I tillegg til det faglige programmet er brukerm\u00f8tet en fin anledning\u00a0 til \u00e5 m\u00f8te kollegaer i andre bibliotek.\u00a0 Erfaringsutveksling b\u00e5de i og utenfor det oppsatte programmet er en viktig del av m\u00f8tet.<\/p>\n<p><strong>Meny<br \/>\n<\/strong><br \/>\nLunsj tirsdag og onsdag: lunsjbuffet<br \/>\nTirsdag kveld er det festmiddag p\u00e5 Sorrisniva<\/p>\n<p><strong>Priser<\/strong><\/p>\n<p>Ordin\u00e6r deltageravgift er kr 2600, men Bibliotek-Systemer As \u00f8nsker at flest mulig kan delta i brukerm\u00f8tet og sponser derfor deltageravgiften med kr 300,-Deltageravgiften blir derfor kr 2300,-<\/p>\n<p>M\u00f8te med overnatting og alle m\u00e5ltider: 2300,-<\/p>\n<p>Alternativt for deltakere som ikke skal overnatte:<br \/>\nM\u00f8te 14. og 15. mai, uten overnatting,\u00a0med lunsj, kaffepauser og festmiddag: 1620,-<br \/>\nM\u00f8te 14. mai med kaffepauser, lunsj og festmiddag: kr 1120,-<br \/>\nM\u00f8te 14. mai med kaffepauser og lunsj: kr 500,-<br \/>\nM\u00f8te 15. mai med kaffepauser og lunsj: kr 500,-<\/p>\n<p>Ekstra overnatting pr natt\/person: kr 920,-<\/p>\n<p>Vi i arbeidsutvalget \u00f8nsker alle velkommen til brukerm\u00f8tet 2013 i Alta- og vi vil spesielt \u00f8nske nye Bibliofilbrukere velkommen. Ta gjerne kontakt med oss dersom dere \u00f8nsker flere opplysninger.<\/p>\n<p>P\u00e5meldingsfrist: mandag 15. mars 2013<\/p>\n<p>Velkommen til Alta!<\/p>\n<p><a href=\"https:\/\/www.arbeidsutvalget.no\/cgi-bin\/webmail?form=brukermote2013\" target=\"_blank\">P\u00e5meldingsskjema<\/a><\/p>\n<p>&nbsp;<\/p>\n<p>&nbsp;<\/p>\n","protected":false},"excerpt":{"rendered":"<p>Invitasjon til brukerm\u00f8te i Alta 14.-15. mai 2013 P\u00e5meldingsfrist: mandag 15. mars 2013&#8211; v\u00e6r s\u00e5 snill \u00e5 overholde fristen I \u00e5r har vi gleden av \u00e5 invitere deg til brukerm\u00f8te i Alta tirsdag 14. og onsdag 15. mai 2013 p\u00e5 &hellip; <a href=\"https:\/\/www.arbeidsutvalget.no\/?page_id=700\">Les videre <span class=\"meta-nav\">&rarr;<\/span><\/a><\/p>\n","protected":false},"author":14,"featured_media":0,"parent":666,"menu_order":0,"comment_status":"open","ping_status":"open","template":"","meta":{"footnotes":""},"class_list":["post-700","page","type-page","status-publish","hentry"],"_links":{"self":[{"href":"https:\/\/www.arbeidsutvalget.no\/index.php?rest_route=\/wp\/v2\/pages\/700","targetHints":{"allow":["GET"]}}],"collection":[{"href":"https:\/\/www.arbeidsutvalget.no\/index.php?rest_route=\/wp\/v2\/pages"}],"about":[{"href":"https:\/\/www.arbeidsutvalget.no\/index.php?rest_route=\/wp\/v2\/types\/page"}],"author":[{"embeddable":true,"href":"https:\/\/www.arbeidsutvalget.no\/index.php?rest_route=\/wp\/v2\/users\/14"}],"replies":[{"embeddable":true,"href":"https:\/\/www.arbeidsutvalget.no\/index.php?rest_route=%2Fwp%2Fv2%2Fcomments&post=700"}],"version-history":[{"count":15,"href":"https:\/\/www.arbeidsutvalget.no\/index.php?rest_route=\/wp\/v2\/pages\/700\/revisions"}],"predecessor-version":[{"id":821,"href":"https:\/\/www.arbeidsutvalget.no\/index.php?rest_route=\/wp\/v2\/pages\/700\/revisions\/821"}],"up":[{"embeddable":true,"href":"https:\/\/www.arbeidsutvalget.no\/index.php?rest_route=\/wp\/v2\/pages\/666"}],"wp:attachment":[{"href":"https:\/\/www.arbeidsutvalget.no\/index.php?rest_route=%2Fwp%2Fv2%2Fmedia&parent=700"}],"curies":[{"name":"wp","href":"https:\/\/api.w.org\/{rel}","templated":true}]}}