{"id":3063,"date":"2025-05-13T09:07:48","date_gmt":"2025-05-13T08:07:48","guid":{"rendered":"https:\/\/www.arbeidsutvalget.no\/?page_id=3063"},"modified":"2025-05-13T09:07:48","modified_gmt":"2025-05-13T08:07:48","slug":"invitasjon","status":"publish","type":"page","link":"https:\/\/www.arbeidsutvalget.no\/?page_id=3063","title":{"rendered":"Invitasjon"},"content":{"rendered":"\n<p>Velkommen til brukerm\u00f8te i Steinkjer, 6.-7. mai 2025<\/p>\n\n\n\n<p>Bibliofilforeningen skriver 2025 og vi begynner for alvor \u00e5 glede oss til \u00e5rets brukerm\u00f8te. I \u00e5r skal vi til Steinkjer, hvor Steinkjer bibliotek er vertskap i flotte nye lokaler. Biblioteket befinner seg i Steinkjer kulturhus, som ogs\u00e5 huser konferanselokalene vi skal benytte oss av. Kulturhuset ble \u00e5pnet 2. september 2023 og inneholder, i tillegg til bibliotek og konferansefasiliteter, blant annet kino, kaf\u00e9 og visningsrom for kunst<\/p>\n\n\n\n<p>Steinkjer \u2013 sentrum av periferien<\/p>\n\n\n\n<p>Steinkjer ligger 12 mil nord\u00f8st for Trondheim og 17 mil s\u00f8rvest for fylkesgrensa mot Nordland. Byen er tidligere administrativt sentrum for Nord Tr\u00f8ndelag, men n\u00e5 er den fylkeshovedstad i Tr\u00f8ndelag. Kommunens tidligere kommunev\u00e5pen, en sekskantet stjerne p\u00e5 bl\u00e5 bakgrunn viste f\u00f8rst til hvordan byen var et m\u00f8tested for seks veier, men fikk fornyet betydning i 1964, da seks omkringliggende sm\u00e5kommuner ble innlemmet i kommunen.<\/p>\n\n\n\n<p>(I dag er for \u00f8vrig kommunev\u00e5penet medgift fra enda en kommunesammensl\u00e5ing (2020), da Verran ble invitert inn og kunne by p\u00e5 ei hvit jekt p\u00e5 bl\u00e5 bakgrunn.)<\/p>\n\n\n\n<p>I Steinkjer kommune finner man ogs\u00e5 Norges geografiske midtpunkt. Det er med andre ord et geografisk og administrativt kraftsentrum vi skal bes\u00f8ke, og det er all grunn til \u00e5 glede seg for bibliotekarer, systemansvarlige og andre ordenshoder.<\/p>\n\n\n\n<p>I tillegg til \u00e5 bli mer kjent med byen og biblioteket, ser vi i arbeidsutvalget ogs\u00e5 frem til \u00e5 kunne presentere et rikholdig program for brukerm\u00f8tet. Vi satser p\u00e5 \u00e5 g\u00e5 b\u00e5de kronologisk og systematisk til verks, med fokus p\u00e5 henholdsvis bibliotekutvikling og infrastruktur. Dessuten drar vi ut til Inder\u00f8y for \u00e5 avholde v\u00e5r tradisjonelle festmiddag p\u00e5 \u00d8yna Kulturlandskapshotell.<\/p>\n\n\n\n<p>Den vanligste reisem\u00e5ten til Steinkjer er med toget. Mange av oss kommer nok ogs\u00e5 til \u00e5 fly til V\u00e6rnes og m\u00e5 regne med en togtur p\u00e5 ca halvannen time derfra. Vi innlosjerer oss p\u00e5 Quality Hotel Grand, Steinkjer (s\u00e5 i \u00e5r er hotell og konferanse i forskjellige lokaler). Togstasjonen, hotellet og kulturkvartalet ligger alle i gangavstand til hverandre i Steinkjer Sentrum.<\/p>\n\n\n\n<p>Hold av datoene 6.-7. mai<\/p>\n","protected":false},"excerpt":{"rendered":"<p>Velkommen til brukerm\u00f8te i Steinkjer, 6.-7. mai 2025 Bibliofilforeningen skriver 2025 og vi begynner for alvor \u00e5 glede oss til \u00e5rets brukerm\u00f8te. I \u00e5r skal vi til Steinkjer, hvor Steinkjer bibliotek er vertskap i flotte nye lokaler. Biblioteket befinner seg &hellip; <a href=\"https:\/\/www.arbeidsutvalget.no\/?page_id=3063\">Les videre <span class=\"meta-nav\">&rarr;<\/span><\/a><\/p>\n","protected":false},"author":14,"featured_media":0,"parent":3030,"menu_order":0,"comment_status":"closed","ping_status":"closed","template":"","meta":{"footnotes":""},"class_list":["post-3063","page","type-page","status-publish","hentry"],"_links":{"self":[{"href":"https:\/\/www.arbeidsutvalget.no\/index.php?rest_route=\/wp\/v2\/pages\/3063","targetHints":{"allow":["GET"]}}],"collection":[{"href":"https:\/\/www.arbeidsutvalget.no\/index.php?rest_route=\/wp\/v2\/pages"}],"about":[{"href":"https:\/\/www.arbeidsutvalget.no\/index.php?rest_route=\/wp\/v2\/types\/page"}],"author":[{"embeddable":true,"href":"https:\/\/www.arbeidsutvalget.no\/index.php?rest_route=\/wp\/v2\/users\/14"}],"replies":[{"embeddable":true,"href":"https:\/\/www.arbeidsutvalget.no\/index.php?rest_route=%2Fwp%2Fv2%2Fcomments&post=3063"}],"version-history":[{"count":1,"href":"https:\/\/www.arbeidsutvalget.no\/index.php?rest_route=\/wp\/v2\/pages\/3063\/revisions"}],"predecessor-version":[{"id":3064,"href":"https:\/\/www.arbeidsutvalget.no\/index.php?rest_route=\/wp\/v2\/pages\/3063\/revisions\/3064"}],"up":[{"embeddable":true,"href":"https:\/\/www.arbeidsutvalget.no\/index.php?rest_route=\/wp\/v2\/pages\/3030"}],"wp:attachment":[{"href":"https:\/\/www.arbeidsutvalget.no\/index.php?rest_route=%2Fwp%2Fv2%2Fmedia&parent=3063"}],"curies":[{"name":"wp","href":"https:\/\/api.w.org\/{rel}","templated":true}]}}

<p>Velkommen til brukermøte i Steinkjer, 6.-7. mai 2025</p>



<p>Bibliofilforeningen skriver 2025 og vi begynner for alvor å glede oss til årets brukermøte. I år skal vi til Steinkjer, hvor Steinkjer bibliotek er vertskap i flotte nye lokaler. Biblioteket befinner seg i Steinkjer kulturhus, som også huser konferanselokalene vi skal benytte oss av. Kulturhuset ble åpnet 2. september 2023 og inneholder, i tillegg til bibliotek og konferansefasiliteter, blant annet kino, kafé og visningsrom for kunst</p>



<p>Steinkjer – sentrum av periferien</p>



<p>Steinkjer ligger 12 mil nordøst for Trondheim og 17 mil sørvest for fylkesgrensa mot Nordland. Byen er tidligere administrativt sentrum for Nord Trøndelag, men nå er den fylkeshovedstad i Trøndelag. Kommunens tidligere kommunevåpen, en sekskantet stjerne på blå bakgrunn viste først til hvordan byen var et møtested for seks veier, men fikk fornyet betydning i 1964, da seks omkringliggende småkommuner ble innlemmet i kommunen.</p>



<p>(I dag er for øvrig kommunevåpenet medgift fra enda en kommunesammenslåing (2020), da Verran ble invitert inn og kunne by på ei hvit jekt på blå bakgrunn.)</p>



<p>I Steinkjer kommune finner man også Norges geografiske midtpunkt. Det er med andre ord et geografisk og administrativt kraftsentrum vi skal besøke, og det er all grunn til å glede seg for bibliotekarer, systemansvarlige og andre ordenshoder.</p>



<p>I tillegg til å bli mer kjent med byen og biblioteket, ser vi i arbeidsutvalget også frem til å kunne presentere et rikholdig program for brukermøtet. Vi satser på å gå både kronologisk og systematisk til verks, med fokus på henholdsvis bibliotekutvikling og infrastruktur. Dessuten drar vi ut til Inderøy for å avholde vår tradisjonelle festmiddag på Øyna Kulturlandskapshotell.</p>



<p>Den vanligste reisemåten til Steinkjer er med toget. Mange av oss kommer nok også til å fly til Værnes og må regne med en togtur på ca halvannen time derfra. Vi innlosjerer oss på Quality Hotel Grand, Steinkjer (så i år er hotell og konferanse i forskjellige lokaler). Togstasjonen, hotellet og kulturkvartalet ligger alle i gangavstand til hverandre i Steinkjer Sentrum.</p>



<p>Hold av datoene 6.-7. mai</p>

<p>Velkommen til brukermøte i Steinkjer, 6.-7. mai 2025 Bibliofilforeningen skriver 2025 og vi begynner for alvor å glede oss til årets brukermøte. I år skal vi til Steinkjer, hvor Steinkjer bibliotek er vertskap i flotte nye lokaler. Biblioteket befinner seg &hellip; <a href="https://www.arbeidsutvalget.no/?page_id=3063">Les videre <span class="meta-nav">&rarr;</span></a></p>
