{"id":2913,"date":"2024-02-20T12:08:28","date_gmt":"2024-02-20T11:08:28","guid":{"rendered":"https:\/\/www.arbeidsutvalget.no\/?page_id=2913"},"modified":"2024-02-20T12:08:28","modified_gmt":"2024-02-20T11:08:28","slug":"invitasjon","status":"publish","type":"page","link":"https:\/\/www.arbeidsutvalget.no\/?page_id=2913","title":{"rendered":"Invitasjon"},"content":{"rendered":"\n<p><\/p>\n\n\n\n<p>Det har blitt 2024 og vi er kommet til den tiden da vi begynner \u00e5 se frem til \u00e5 invitere Bibliofil-bibliotekene i det ganske land til v\u00e5rt faste, \u00e5rlige treff. \u00c5rets Brukerm\u00f8te er lagt til Mo i Rana, og g\u00e5r av stabelen tirsdag 7. mai og onsdag 8. mai. Bibliotek-Systemer tilbyr ogs\u00e5 kursing av brukere i Bibliofil, mandag 6. mai.<\/p>\n\n\n\n<p>Mo i Rana er, som vi alle vet, en av de store bibliotekbyene i landet, med folkebibliotek p\u00e5 kommunalt niv\u00e5, halve fylkesbiblioteket for Nordland og ikke minst en vital og stor del av Nasjonalbiblioteket. Sistnevnte er vertsskapsbibliotek for m\u00f8tet.&nbsp;<\/p>\n\n\n\n<p>I og med at vi skal samles p\u00e5 et sted med s\u00e5 tett kompetanse p\u00e5 feltet, har vi i arbeidsutvalget gleden av \u00e5 invitere til en NB-spesial av et Brukerm\u00f8te. Det betyr at programmet best\u00e5r av fagfolk og prosjekter fra Nasjonalbiblioteket. Vi legger opp til et program spekket av interessante foredrag, presentasjoner og, ikke minst, omvisning p\u00e5 Nasjonalbiblioteket. Alt alts\u00e5 med utgangspunkt i Nasjonalbibliotekets avdelinger p\u00e5 Mo. I tillegg til NB-programmet best\u00e5r m\u00f8tet av nyheter og informasjon fra Bibliotek-Systemer, Bibliofilforeningens \u00e5rsm\u00f8te, presentasjon av fagutvalgene og selvf\u00f8lgelig festmiddag.&nbsp;<\/p>\n\n\n\n<p>Mo i Rana er for mange kjent som jernverksbyen. Gruvedrift, utvinning og foredling av jernmalm, og dessuten produksjon av koks, har gjort byen til en viktig del av norsk industrihistorie. Det var ogs\u00e5 tungindustrien som var hovedgrunnen for befolkningsveksten i etterkant av andre verdenskrig, som p\u00e5 mange m\u00e5ter la grunnlaget for byen slik den ligger der i dag. Men stedet var ogs\u00e5 et handelssentrum, med r\u00f8tter mye lengre bak i historien. I 1989 opprettet Nasjonalbiblioteket de f\u00f8rste avdelingene i Mo i Rana, da med omkring 30 ansatte. I dag er NB organisert etter funksjon, og ikke geografi, men antall ansatte som g\u00e5r p\u00e5 jobb for NB p\u00e5 Mo teller ca. 300.<\/p>\n\n\n\n<p>Noen av de viktige og s\u00e6regne arbeidsoppgavene Nasjonalbibliotekets ansatte p\u00e5 Mo har, er \u00e5 drifte Depotbiblioteket, med tilvekst og utl\u00e5n til alle oss andre, bevare medier i sikringsmagasin og digitalisere og drifte et tilsvarende digitalt sikringsmagasin. NB i Rana har i tillegg ansvar for mottak av pliktavlevert materiale, b\u00e5de fysisk og digitalt. NB har ogs\u00e5 et p\u00e5g\u00e5ende massedigitaliseringsprogram, og det aller meste av digitaliseringen foreg\u00e5r p\u00e5 Mo. Vi i arbeidsutvalget gleder oss til \u00e5 bli bedre kjent med vertsskapsbiblioteket og deres arbeid.<\/p>\n\n\n\n<p>M\u00f8tet, og det foreg\u00e5ende kurset, vil avholdes p\u00e5 Mo i Ranas tradisjonsrike Scandic Meyerg\u00e5rden Hotell. Meyerg\u00e5rden var overnattingssted s\u00e5 tidlig som 1890, da det ble grunnlagt som et herberge, f\u00f8r det i 1928 gikk over til \u00e5 v\u00e6re hotell. Det har v\u00e6rt en del av Scandic siden 2014.&nbsp;<\/p>\n\n\n\n<p>Tirsdag kveld samles vi p\u00e5 Brasserie 8622 for festmiddag. Med \u00e5pning i september 2023 er det Mo i Ranas nyeste tilskudd for \u201cfine dining\u201d. Vi gleder oss!<\/p>\n\n\n\n<p>Mandag ettermiddag arrangerer Bibliotek-Systemer kurset \u201cUkjente skatter i Bibliofil\u201d. Uglene fra Uglekassa har fanget b\u00e5de hummer og kanari, og tenker \u00e5 dra opp b\u00e5de det ene og det andre fra kassa gjennom fire timer. Vi ser p\u00e5 de litt mer spesielle og skjulte funksjonene i Bibliofil, og kanskje er det nettopp dette som kan gj\u00f8re deg mer effektiv i hverdagen? Vi skjeler til innkommende \u00f8nsker og problemer som har v\u00e6rt meldt inn siste \u00e5r, samt at vi tar h\u00f8yde for innkommende sp\u00f8rsm\u00e5l. Alle som melder seg p\u00e5, mottar en e-post i forkant hvor de kan \u00f8nske seg noe vi skal besvare, vise eller snakke om. Tirsdag formiddag, f\u00f8r lunsj, blir det dessuten avholdt en samling for skolebibliotek i regi av Skoleutvalget, hvor de som deltar p\u00e5 Brukerm\u00f8te og som jobber i skolebibliotek kan dr\u00f8fte aktuelle problemstillinger og f\u00e5 tips til gode funksjoner i Bibliofil.<\/p>\n\n\n\n<p>\u00c5 reise til Mo gj\u00f8res som regel enten med fly, tog eller en kombinasjon av disse. Antall flighter til Mo i Rana lufthavn, R\u00f8ssvoll, er ikke s\u00e5 mange, da flyplassen er en del av kortbanenettet som ikke tar imot st\u00f8rre fly. Skulle flyene til Mo v\u00e6re utsolgt er det mulig \u00e5 fly b\u00e5de til Bod\u00f8 og Trondheim, og da kombinere med toget. Togturene tar henholdsvis 3t15 min (fra Bod\u00f8) og 6t45 min.<\/p>\n\n\n\n<p>Meld deg p\u00e5 brukerm\u00f8tet her:&nbsp;<a href=\"https:\/\/bibsyst.no\/brukermote-2024-pamelding\/\"><strong>Brukerm\u00f8te 2024: p\u00e5melding<\/strong><\/a><br><strong>P\u00e5meldingsfrist 12.mars!<\/strong><\/p>\n","protected":false},"excerpt":{"rendered":"<p>Det har blitt 2024 og vi er kommet til den tiden da vi begynner \u00e5 se frem til \u00e5 invitere Bibliofil-bibliotekene i det ganske land til v\u00e5rt faste, \u00e5rlige treff. \u00c5rets Brukerm\u00f8te er lagt til Mo i Rana, og g\u00e5r &hellip; <a href=\"https:\/\/www.arbeidsutvalget.no\/?page_id=2913\">Les videre <span class=\"meta-nav\">&rarr;<\/span><\/a><\/p>\n","protected":false},"author":14,"featured_media":0,"parent":2909,"menu_order":-1,"comment_status":"closed","ping_status":"closed","template":"","meta":{"footnotes":""},"class_list":["post-2913","page","type-page","status-publish","hentry"],"_links":{"self":[{"href":"https:\/\/www.arbeidsutvalget.no\/index.php?rest_route=\/wp\/v2\/pages\/2913","targetHints":{"allow":["GET"]}}],"collection":[{"href":"https:\/\/www.arbeidsutvalget.no\/index.php?rest_route=\/wp\/v2\/pages"}],"about":[{"href":"https:\/\/www.arbeidsutvalget.no\/index.php?rest_route=\/wp\/v2\/types\/page"}],"author":[{"embeddable":true,"href":"https:\/\/www.arbeidsutvalget.no\/index.php?rest_route=\/wp\/v2\/users\/14"}],"replies":[{"embeddable":true,"href":"https:\/\/www.arbeidsutvalget.no\/index.php?rest_route=%2Fwp%2Fv2%2Fcomments&post=2913"}],"version-history":[{"count":1,"href":"https:\/\/www.arbeidsutvalget.no\/index.php?rest_route=\/wp\/v2\/pages\/2913\/revisions"}],"predecessor-version":[{"id":2914,"href":"https:\/\/www.arbeidsutvalget.no\/index.php?rest_route=\/wp\/v2\/pages\/2913\/revisions\/2914"}],"up":[{"embeddable":true,"href":"https:\/\/www.arbeidsutvalget.no\/index.php?rest_route=\/wp\/v2\/pages\/2909"}],"wp:attachment":[{"href":"https:\/\/www.arbeidsutvalget.no\/index.php?rest_route=%2Fwp%2Fv2%2Fmedia&parent=2913"}],"curies":[{"name":"wp","href":"https:\/\/api.w.org\/{rel}","templated":true}]}}

<p></p>



<p>Det har blitt 2024 og vi er kommet til den tiden da vi begynner å se frem til å invitere Bibliofil-bibliotekene i det ganske land til vårt faste, årlige treff. Årets Brukermøte er lagt til Mo i Rana, og går av stabelen tirsdag 7. mai og onsdag 8. mai. Bibliotek-Systemer tilbyr også kursing av brukere i Bibliofil, mandag 6. mai.</p>



<p>Mo i Rana er, som vi alle vet, en av de store bibliotekbyene i landet, med folkebibliotek på kommunalt nivå, halve fylkesbiblioteket for Nordland og ikke minst en vital og stor del av Nasjonalbiblioteket. Sistnevnte er vertsskapsbibliotek for møtet.&nbsp;</p>



<p>I og med at vi skal samles på et sted med så tett kompetanse på feltet, har vi i arbeidsutvalget gleden av å invitere til en NB-spesial av et Brukermøte. Det betyr at programmet består av fagfolk og prosjekter fra Nasjonalbiblioteket. Vi legger opp til et program spekket av interessante foredrag, presentasjoner og, ikke minst, omvisning på Nasjonalbiblioteket. Alt altså med utgangspunkt i Nasjonalbibliotekets avdelinger på Mo. I tillegg til NB-programmet består møtet av nyheter og informasjon fra Bibliotek-Systemer, Bibliofilforeningens årsmøte, presentasjon av fagutvalgene og selvfølgelig festmiddag.&nbsp;</p>



<p>Mo i Rana er for mange kjent som jernverksbyen. Gruvedrift, utvinning og foredling av jernmalm, og dessuten produksjon av koks, har gjort byen til en viktig del av norsk industrihistorie. Det var også tungindustrien som var hovedgrunnen for befolkningsveksten i etterkant av andre verdenskrig, som på mange måter la grunnlaget for byen slik den ligger der i dag. Men stedet var også et handelssentrum, med røtter mye lengre bak i historien. I 1989 opprettet Nasjonalbiblioteket de første avdelingene i Mo i Rana, da med omkring 30 ansatte. I dag er NB organisert etter funksjon, og ikke geografi, men antall ansatte som går på jobb for NB på Mo teller ca. 300.</p>



<p>Noen av de viktige og særegne arbeidsoppgavene Nasjonalbibliotekets ansatte på Mo har, er å drifte Depotbiblioteket, med tilvekst og utlån til alle oss andre, bevare medier i sikringsmagasin og digitalisere og drifte et tilsvarende digitalt sikringsmagasin. NB i Rana har i tillegg ansvar for mottak av pliktavlevert materiale, både fysisk og digitalt. NB har også et pågående massedigitaliseringsprogram, og det aller meste av digitaliseringen foregår på Mo. Vi i arbeidsutvalget gleder oss til å bli bedre kjent med vertsskapsbiblioteket og deres arbeid.</p>



<p>Møtet, og det foregående kurset, vil avholdes på Mo i Ranas tradisjonsrike Scandic Meyergården Hotell. Meyergården var overnattingssted så tidlig som 1890, da det ble grunnlagt som et herberge, før det i 1928 gikk over til å være hotell. Det har vært en del av Scandic siden 2014.&nbsp;</p>



<p>Tirsdag kveld samles vi på Brasserie 8622 for festmiddag. Med åpning i september 2023 er det Mo i Ranas nyeste tilskudd for “fine dining”. Vi gleder oss!</p>



<p>Mandag ettermiddag arrangerer Bibliotek-Systemer kurset “Ukjente skatter i Bibliofil”. Uglene fra Uglekassa har fanget både hummer og kanari, og tenker å dra opp både det ene og det andre fra kassa gjennom fire timer. Vi ser på de litt mer spesielle og skjulte funksjonene i Bibliofil, og kanskje er det nettopp dette som kan gjøre deg mer effektiv i hverdagen? Vi skjeler til innkommende ønsker og problemer som har vært meldt inn siste år, samt at vi tar høyde for innkommende spørsmål. Alle som melder seg på, mottar en e-post i forkant hvor de kan ønske seg noe vi skal besvare, vise eller snakke om. Tirsdag formiddag, før lunsj, blir det dessuten avholdt en samling for skolebibliotek i regi av Skoleutvalget, hvor de som deltar på Brukermøte og som jobber i skolebibliotek kan drøfte aktuelle problemstillinger og få tips til gode funksjoner i Bibliofil.</p>



<p>Å reise til Mo gjøres som regel enten med fly, tog eller en kombinasjon av disse. Antall flighter til Mo i Rana lufthavn, Røssvoll, er ikke så mange, da flyplassen er en del av kortbanenettet som ikke tar imot større fly. Skulle flyene til Mo være utsolgt er det mulig å fly både til Bodø og Trondheim, og da kombinere med toget. Togturene tar henholdsvis 3t15 min (fra Bodø) og 6t45 min.</p>



<p>Meld deg på brukermøtet her:&nbsp;<a href="https://bibsyst.no/brukermote-2024-pamelding/"><strong>Brukermøte 2024: påmelding</strong></a><br><strong>Påmeldingsfrist 12.mars!</strong></p>

<p>Det har blitt 2024 og vi er kommet til den tiden da vi begynner å se frem til å invitere Bibliofil-bibliotekene i det ganske land til vårt faste, årlige treff. Årets Brukermøte er lagt til Mo i Rana, og går &hellip; <a href="https://www.arbeidsutvalget.no/?page_id=2913">Les videre <span class="meta-nav">&rarr;</span></a></p>
