{"id":2666,"date":"2022-03-01T13:03:07","date_gmt":"2022-03-01T12:03:07","guid":{"rendered":"https:\/\/www.arbeidsutvalget.no\/?page_id=2666"},"modified":"2022-05-20T11:23:58","modified_gmt":"2022-05-20T10:23:58","slug":"program","status":"publish","type":"page","link":"https:\/\/www.arbeidsutvalget.no\/?page_id=2666","title":{"rendered":"Program"},"content":{"rendered":"\n<p><strong>Program Bibliofil brukerm\u00f8te 10. &#8211; 11. mai 2022<\/strong>&nbsp;<\/p>\n\n\n\n<figure class=\"wp-block-table\"><table><tbody><tr><td><strong>Tirsdag 10.<\/strong> <strong>mai<\/strong><\/td><td><strong>Program<\/strong>&nbsp;<\/td><\/tr><tr><td>1100-1200&nbsp;<\/td><td>Registrering p\u00e5 <a href=\"https:\/\/www.nordicchoicehotels.com\/hotels\/norway\/kristiansand\/clarion-hotel-ernst\/\" data-type=\"URL\" data-id=\"https:\/\/www.nordicchoicehotels.com\/hotels\/norway\/kristiansand\/clarion-hotel-ernst\/\" target=\"_blank\" rel=\"noreferrer noopener\">Clarion Ernst Hotel<\/a>&nbsp;<\/td><\/tr><tr><td>1200-1300&nbsp;<\/td><td>Lunsj&nbsp;&nbsp;<\/td><\/tr><tr><td>1300-1330&nbsp;<\/td><td>Velkommen til m\u00f8tet &#8211; praktisk info ved AU&nbsp;<br>Offisiell \u00e5pning \u2013 Biblioteksjef Anne Kristin Undlien, Kristiansand folkebibliotek&nbsp;<\/td><\/tr><tr><td>1330-1400&nbsp;<\/td><td>&laquo;Siden sist&raquo;, Bibliotek-Systemer ved Ola Thori Kogstad&nbsp;<\/td><\/tr><tr><td>1400-1415&nbsp;<\/td><td>Pause&nbsp;<\/td><\/tr><tr><td>1415-1515&nbsp;<\/td><td>\u00abKunstig intelligens. Hva er det og hva kan det brukes til i bibliotek\u00bb ved <a href=\"http:\/\/mortengoodwin.net\/\" data-type=\"URL\" data-id=\"http:\/\/mortengoodwin.net\/\" target=\"_blank\" rel=\"noreferrer noopener\">Morten Goodwin<\/a> professor ved UiA&nbsp;<\/td><\/tr><tr><td>1515-1600&nbsp;<\/td><td>Bibliotek-Systemer AS &nbsp;<br>&laquo;Ny automat&raquo; &#8211; Gunnar Monsen og Rune Bj\u00f8rner\u00e5s&nbsp;<\/td><\/tr><tr><td>1515-1600<\/td><td>Workshop &#8211; Bibliotek-Systemer AS og skoleutvalget &#8211; parallellsesjon<\/td><\/tr><tr><td>1600-1620&nbsp;<\/td><td>Pause<\/td><\/tr><tr><td>1620-1700&nbsp;<\/td><td>Presentasjon av fagutvalgene:<br>Fagutvalg for s\u00f8k \u2013 Stine Steinsvik Bertnes<br>Fagutvalg for katalog, innkj\u00f8p og periodika \u2013 Edith Irene Vevang<br>Fagutvalg for utl\u00e5n \u2013 David \u00d8hre Andersen<br>Fagutvalg for skolebibliotek \u2013 Astrid Kristine Flagstad<\/td><\/tr><tr><td>1800-1900&nbsp;<\/td><td>Mottagelse Kristiansand folkebibliotek med omvisning og kulturelt innslag ved Kirsten Br\u00e5ten Berg<br><\/td><\/tr><tr><td>1920&nbsp;<\/td><td>Buss til <a href=\"https:\/\/www.mannskapsmessa.no\/\" data-type=\"URL\" data-id=\"https:\/\/www.mannskapsmessa.no\/\" target=\"_blank\" rel=\"noreferrer noopener\">Mannskapsmessa<\/a>&nbsp;<\/td><\/tr><tr><td>2000&nbsp;<\/td><td>Festmiddag p\u00e5 Mannskapsmessa&nbsp;<\/td><\/tr><tr><td>2300&nbsp;<\/td><td>Buss\/gang tilbake til hotellet&nbsp;<\/td><\/tr><\/tbody><\/table><\/figure>\n\n\n\n<figure class=\"wp-block-table\"><table><tbody><tr><td><strong>Onsdag 11.<\/strong> <strong>mai&nbsp;<\/strong><\/td><td><strong>Program<\/strong>&nbsp;<\/td><\/tr><tr><td>0900-0945&nbsp;<\/td><td>Bibliotek-Systemer AS&nbsp;<br>&laquo;Anbudskonkurranser&raquo; &#8211; Ola Thori Kogstad&nbsp;<br>&laquo;Kommunal innlogging \/ ADFS&raquo; &#8211; Roger Niva&nbsp;<br>&laquo;Tinging&raquo; &#8211; Rune Bj\u00f8rner\u00e5s&nbsp;<\/td><\/tr><tr><td>0945-1030&nbsp;<\/td><td>\u00abSamarbeid mellom Kristiansand folkebibliotek og skolene i Kristiansand kommune\u00bb&nbsp; Adnan Agic \u2013 Kristiansand folkebibliotek&nbsp;<\/td><\/tr><tr><td>1030-1100&nbsp;<\/td><td>Pause med utsjekk&nbsp;<\/td><\/tr><tr><td>1100-1200&nbsp;<\/td><td>\u00c5rsm\u00f8te:<br>1.\u202fValg av m\u00f8teleder&nbsp;<br>2.\u202fValg av referent&nbsp;<br>3. Valg av to personer til \u00e5 underskrive protokollen&nbsp;<br>4. Godkjenning av innkalling&nbsp;<br>5. Godkjenning av saksliste&nbsp;<br>6. \u00c5rsberetning 2021-2022 v\/Kristin&nbsp;<br>7. Regnskap 2021- 2022 v\/Suzanne&nbsp;<br>8. Valg v\/Bj\u00f8rn Rune&nbsp;<br>9. Innkomne saker \u2013 Ingen innkomne saker&nbsp;<br><br>Her finner du <a href=\"https:\/\/www.arbeidsutvalget.no\/?page_id=2718\" data-type=\"page\" data-id=\"2718\">regnskap<\/a> og <a href=\"https:\/\/www.arbeidsutvalget.no\/?page_id=2715\" data-type=\"page\" data-id=\"2715\">\u00e5rsmelding<\/a>.<\/td><\/tr><tr><td>1200-1300&nbsp;<\/td><td>Lunsj&nbsp;<\/td><\/tr><tr><td>1300-1345&nbsp;<\/td><td>\u00ab<a href=\"https:\/\/digin.vtfk.no\/\" data-type=\"URL\" data-id=\"https:\/\/digin.vtfk.no\/\" target=\"_blank\" rel=\"noreferrer noopener\">Digin<\/a> fra teori til praksis\u00bb&nbsp; Trygve Kikut \u2013 Vestfold og Telemark fylkesbibliotek og Leon Bang Hetlevik \u2013 Agder fylkesbibliotek&nbsp;<\/td><\/tr><tr><td>1345-1445&nbsp;<\/td><td>Bibliotek-Systemer AS&nbsp;<br>&laquo;BIBFRAME og Bibliofil&raquo; &#8211; Roger Niva&nbsp;<br>&laquo;Tips og triks i m2\u00bb &#8211; Marie Chetwynd Eikeland og Monica Skybakmoen&nbsp;<br><\/td><\/tr><tr><td>1445-1500&nbsp;<\/td><td>Avslutning<\/td><\/tr><\/tbody><\/table><\/figure>\n","protected":false},"excerpt":{"rendered":"<p>Program Bibliofil brukerm\u00f8te 10. &#8211; 11. mai 2022&nbsp; Tirsdag 10. mai Program&nbsp; 1100-1200&nbsp; Registrering p\u00e5 Clarion Ernst Hotel&nbsp; 1200-1300&nbsp; Lunsj&nbsp;&nbsp; 1300-1330&nbsp; Velkommen til m\u00f8tet &#8211; praktisk info ved AU&nbsp;Offisiell \u00e5pning \u2013 Biblioteksjef Anne Kristin Undlien, Kristiansand folkebibliotek&nbsp; 1330-1400&nbsp; &laquo;Siden sist&raquo;, &hellip; <a href=\"https:\/\/www.arbeidsutvalget.no\/?page_id=2666\">Les videre <span class=\"meta-nav\">&rarr;<\/span><\/a><\/p>\n","protected":false},"author":14,"featured_media":0,"parent":2659,"menu_order":0,"comment_status":"closed","ping_status":"closed","template":"","meta":{"footnotes":""},"class_list":["post-2666","page","type-page","status-publish","hentry"],"_links":{"self":[{"href":"https:\/\/www.arbeidsutvalget.no\/index.php?rest_route=\/wp\/v2\/pages\/2666","targetHints":{"allow":["GET"]}}],"collection":[{"href":"https:\/\/www.arbeidsutvalget.no\/index.php?rest_route=\/wp\/v2\/pages"}],"about":[{"href":"https:\/\/www.arbeidsutvalget.no\/index.php?rest_route=\/wp\/v2\/types\/page"}],"author":[{"embeddable":true,"href":"https:\/\/www.arbeidsutvalget.no\/index.php?rest_route=\/wp\/v2\/users\/14"}],"replies":[{"embeddable":true,"href":"https:\/\/www.arbeidsutvalget.no\/index.php?rest_route=%2Fwp%2Fv2%2Fcomments&post=2666"}],"version-history":[{"count":14,"href":"https:\/\/www.arbeidsutvalget.no\/index.php?rest_route=\/wp\/v2\/pages\/2666\/revisions"}],"predecessor-version":[{"id":2749,"href":"https:\/\/www.arbeidsutvalget.no\/index.php?rest_route=\/wp\/v2\/pages\/2666\/revisions\/2749"}],"up":[{"embeddable":true,"href":"https:\/\/www.arbeidsutvalget.no\/index.php?rest_route=\/wp\/v2\/pages\/2659"}],"wp:attachment":[{"href":"https:\/\/www.arbeidsutvalget.no\/index.php?rest_route=%2Fwp%2Fv2%2Fmedia&parent=2666"}],"curies":[{"name":"wp","href":"https:\/\/api.w.org\/{rel}","templated":true}]}}