{"id":2598,"date":"2021-10-20T12:50:18","date_gmt":"2021-10-20T11:50:18","guid":{"rendered":"https:\/\/www.arbeidsutvalget.no\/?page_id=2598"},"modified":"2021-10-22T07:07:25","modified_gmt":"2021-10-22T06:07:25","slug":"presentasjoner-2021","status":"publish","type":"page","link":"https:\/\/www.arbeidsutvalget.no\/?page_id=2598","title":{"rendered":"Presentasjoner 2021"},"content":{"rendered":"\n<h2 class=\"wp-block-heading\">Tirsdag 28. september<\/h2>\n\n\n\n<ul class=\"wp-block-list\"><li><a href=\"https:\/\/www.arbeidsutvalget.no\/wp-content\/uploads\/2021\/10\/Brukernaere-samlinger-ref.pdf\">\u00abKompetanseutvikling med regionale Bibliofil\u2011samlinger\u00bb<\/a> av Monica Skybakmoen, tidligere biblioteksjef i Nes og Elverum, n\u00e5 bibliotekfaglig konsulent i Biblioteksystemer AS.<\/li><li><a href=\"https:\/\/arbeidsutvalget.no\/wp-content\/uploads\/2021\/10\/KB-presentation-Narvik-2021-ren.pdf\">\u00abDen frittg\u00e5ende bibliotekar  &#8211; om morgendagens veileder\u00bb<\/a> av Katriina Bystr\u00f6m, professor ved Oslo Met<\/li><\/ul>\n\n\n\n<h2 class=\"wp-block-heading\">Onsdag 29. september<\/h2>\n\n\n\n<ul class=\"wp-block-list\"><li>\u00c5rsm\u00f8te<ul><li><a href=\"https:\/\/www.arbeidsutvalget.no\/wp-content\/uploads\/2021\/10\/AU-Arsmelding-2021-22-v2.pdf\">AU \u00e5rsmelding<\/a><\/li><\/ul><ul><li><a href=\"https:\/\/www.arbeidsutvalget.no\/wp-content\/uploads\/2021\/10\/Forslag-til-vedtektsendring-2021.pdf\">Forslag til vedtekstendring<\/a><\/li><li><a href=\"https:\/\/www.arbeidsutvalget.no\/wp-content\/uploads\/2021\/10\/Valg-Bibliofilforeningen-2021.pdf\">Valg Bibliofilforeningen 2021<\/a><\/li><\/ul><\/li><li><a href=\"https:\/\/www.arbeidsutvalget.no\/wp-content\/uploads\/2021\/10\/stromming_narvik.pdf\">\u00abStr\u00f8mming fra biblioteket\u00bb<\/a> av \u00c5smund \u00c5dn\u00f8y, fra S\u00f8lvberget bibliotek og kulturhus<\/li><\/ul>\n\n\n\n<p><\/p>\n\n\n\n<p><\/p>\n","protected":false},"excerpt":{"rendered":"<p>Tirsdag 28. september \u00abKompetanseutvikling med regionale Bibliofil\u2011samlinger\u00bb av Monica Skybakmoen, tidligere biblioteksjef i Nes og Elverum, n\u00e5 bibliotekfaglig konsulent i Biblioteksystemer AS. \u00abDen frittg\u00e5ende bibliotekar &#8211; om morgendagens veileder\u00bb av Katriina Bystr\u00f6m, professor ved Oslo Met Onsdag 29. september \u00c5rsm\u00f8te &hellip; <a href=\"https:\/\/www.arbeidsutvalget.no\/?page_id=2598\">Les videre <span class=\"meta-nav\">&rarr;<\/span><\/a><\/p>\n","protected":false},"author":14,"featured_media":0,"parent":2389,"menu_order":0,"comment_status":"closed","ping_status":"closed","template":"","meta":{"footnotes":""},"class_list":["post-2598","page","type-page","status-publish","hentry"],"_links":{"self":[{"href":"https:\/\/www.arbeidsutvalget.no\/index.php?rest_route=\/wp\/v2\/pages\/2598","targetHints":{"allow":["GET"]}}],"collection":[{"href":"https:\/\/www.arbeidsutvalget.no\/index.php?rest_route=\/wp\/v2\/pages"}],"about":[{"href":"https:\/\/www.arbeidsutvalget.no\/index.php?rest_route=\/wp\/v2\/types\/page"}],"author":[{"embeddable":true,"href":"https:\/\/www.arbeidsutvalget.no\/index.php?rest_route=\/wp\/v2\/users\/14"}],"replies":[{"embeddable":true,"href":"https:\/\/www.arbeidsutvalget.no\/index.php?rest_route=%2Fwp%2Fv2%2Fcomments&post=2598"}],"version-history":[{"count":10,"href":"https:\/\/www.arbeidsutvalget.no\/index.php?rest_route=\/wp\/v2\/pages\/2598\/revisions"}],"predecessor-version":[{"id":2627,"href":"https:\/\/www.arbeidsutvalget.no\/index.php?rest_route=\/wp\/v2\/pages\/2598\/revisions\/2627"}],"up":[{"embeddable":true,"href":"https:\/\/www.arbeidsutvalget.no\/index.php?rest_route=\/wp\/v2\/pages\/2389"}],"wp:attachment":[{"href":"https:\/\/www.arbeidsutvalget.no\/index.php?rest_route=%2Fwp%2Fv2%2Fmedia&parent=2598"}],"curies":[{"name":"wp","href":"https:\/\/api.w.org\/{rel}","templated":true}]}}

<h2 class="wp-block-heading">Tirsdag 28. september</h2>



<ul class="wp-block-list"><li><a href="https://www.arbeidsutvalget.no/wp-content/uploads/2021/10/Brukernaere-samlinger-ref.pdf">«Kompetanseutvikling med regionale Bibliofil‑samlinger»</a> av Monica Skybakmoen, tidligere biblioteksjef i Nes og Elverum, nå bibliotekfaglig konsulent i Biblioteksystemer AS.</li><li><a href="https://arbeidsutvalget.no/wp-content/uploads/2021/10/KB-presentation-Narvik-2021-ren.pdf">«Den frittgående bibliotekar  &#8211; om morgendagens veileder»</a> av Katriina Byström, professor ved Oslo Met</li></ul>



<h2 class="wp-block-heading">Onsdag 29. september</h2>



<ul class="wp-block-list"><li>Årsmøte<ul><li><a href="https://www.arbeidsutvalget.no/wp-content/uploads/2021/10/AU-Arsmelding-2021-22-v2.pdf">AU årsmelding</a></li></ul><ul><li><a href="https://www.arbeidsutvalget.no/wp-content/uploads/2021/10/Forslag-til-vedtektsendring-2021.pdf">Forslag til vedtekstendring</a></li><li><a href="https://www.arbeidsutvalget.no/wp-content/uploads/2021/10/Valg-Bibliofilforeningen-2021.pdf">Valg Bibliofilforeningen 2021</a></li></ul></li><li><a href="https://www.arbeidsutvalget.no/wp-content/uploads/2021/10/stromming_narvik.pdf">«Strømming fra biblioteket»</a> av Åsmund Ådnøy, fra Sølvberget bibliotek og kulturhus</li></ul>



<p></p>



<p></p>

<p>Tirsdag 28. september «Kompetanseutvikling med regionale Bibliofil‑samlinger» av Monica Skybakmoen, tidligere biblioteksjef i Nes og Elverum, nå bibliotekfaglig konsulent i Biblioteksystemer AS. «Den frittgående bibliotekar &#8211; om morgendagens veileder» av Katriina Byström, professor ved Oslo Met Onsdag 29. september Årsmøte &hellip; <a href="https://www.arbeidsutvalget.no/?page_id=2598">Les videre <span class="meta-nav">&rarr;</span></a></p>
