{"id":2389,"date":"2019-07-01T12:04:39","date_gmt":"2019-07-01T11:04:39","guid":{"rendered":"http:\/\/www.arbeidsutvalget.no\/?page_id=2389"},"modified":"2021-10-22T07:08:16","modified_gmt":"2021-10-22T06:08:16","slug":"2020-narvik","status":"publish","type":"page","link":"https:\/\/www.arbeidsutvalget.no\/?page_id=2389","title":{"rendered":"2020: Narvik -> 2021: Narvik"},"content":{"rendered":"\n<p>Brukerm\u00f8tet 2020 ble avlyst pga pandemien. Brukerm\u00f8tet ble gjennomf\u00f8rt i 2021<br>Narvik bibliotek er vertskap for brukerm\u00f8tet som arrangeres p\u00e5 Scandic Narvik.<\/p>\n\n\n\n<p>Dato for brukerm\u00f8tet er 28. \u2013 29. september 2021.<\/p>\n","protected":false},"excerpt":{"rendered":"<p>Brukerm\u00f8tet 2020 ble avlyst pga pandemien. Brukerm\u00f8tet ble gjennomf\u00f8rt i 2021Narvik bibliotek er vertskap for brukerm\u00f8tet som arrangeres p\u00e5 Scandic Narvik. Dato for brukerm\u00f8tet er 28. \u2013 29. september 2021.<\/p>\n","protected":false},"author":14,"featured_media":0,"parent":23,"menu_order":0,"comment_status":"closed","ping_status":"closed","template":"","meta":{"footnotes":""},"class_list":["post-2389","page","type-page","status-publish","hentry"],"_links":{"self":[{"href":"https:\/\/www.arbeidsutvalget.no\/index.php?rest_route=\/wp\/v2\/pages\/2389","targetHints":{"allow":["GET"]}}],"collection":[{"href":"https:\/\/www.arbeidsutvalget.no\/index.php?rest_route=\/wp\/v2\/pages"}],"about":[{"href":"https:\/\/www.arbeidsutvalget.no\/index.php?rest_route=\/wp\/v2\/types\/page"}],"author":[{"embeddable":true,"href":"https:\/\/www.arbeidsutvalget.no\/index.php?rest_route=\/wp\/v2\/users\/14"}],"replies":[{"embeddable":true,"href":"https:\/\/www.arbeidsutvalget.no\/index.php?rest_route=%2Fwp%2Fv2%2Fcomments&post=2389"}],"version-history":[{"count":3,"href":"https:\/\/www.arbeidsutvalget.no\/index.php?rest_route=\/wp\/v2\/pages\/2389\/revisions"}],"predecessor-version":[{"id":2628,"href":"https:\/\/www.arbeidsutvalget.no\/index.php?rest_route=\/wp\/v2\/pages\/2389\/revisions\/2628"}],"up":[{"embeddable":true,"href":"https:\/\/www.arbeidsutvalget.no\/index.php?rest_route=\/wp\/v2\/pages\/23"}],"wp:attachment":[{"href":"https:\/\/www.arbeidsutvalget.no\/index.php?rest_route=%2Fwp%2Fv2%2Fmedia&parent=2389"}],"curies":[{"name":"wp","href":"https:\/\/api.w.org\/{rel}","templated":true}]}}

<p>Brukermøtet 2020 ble avlyst pga pandemien. Brukermøtet ble gjennomført i 2021<br>Narvik bibliotek er vertskap for brukermøtet som arrangeres på Scandic Narvik.</p>



<p>Dato for brukermøtet er 28. – 29. september 2021.</p>

<p>Brukermøtet 2020 ble avlyst pga pandemien. Brukermøtet ble gjennomført i 2021Narvik bibliotek er vertskap for brukermøtet som arrangeres på Scandic Narvik. Dato for brukermøtet er 28. – 29. september 2021.</p>
