{"id":2387,"date":"2019-05-09T12:42:04","date_gmt":"2019-05-09T11:42:04","guid":{"rendered":"http:\/\/www.arbeidsutvalget.no\/?page_id=2387"},"modified":"2019-05-09T12:42:04","modified_gmt":"2019-05-09T11:42:04","slug":"invitasjon","status":"publish","type":"page","link":"https:\/\/www.arbeidsutvalget.no\/?page_id=2387","title":{"rendered":"Invitasjon"},"content":{"rendered":"\n<h2 class=\"wp-block-heading\"> Velkommen til Bibliofil Brukerm\u00f8te i Stavanger <\/h2>\n\n\n\n<p>\u00c5rets Brukerm\u00f8te g\u00e5r av stabelen 7. og 8. mai p\u00e5 Clarion hotell Stavanger. Vertskap er S\u00f8lvberget bibliotek og kulturhus, noe vi synes er utrolig flott ettersom S\u00f8lvberget bibliotek og kulturhus f\u00f8rst kom med i Bibliofil-familien i fjor.<\/p>\n\n\n\n<p>S\u00f8lvberget bibliotek og kulturhus bidrar godt til programmet ved blant annet \u00c5smund \u00c5dn\u00f8y som skal fortelle om hvordan S\u00f8lvberget driver formidling p\u00e5 alle plattformer, og Rebekka Hennum som skal vise oss hvordan S\u00f8lvberget driver Makerspace og drift av et digitalt studio. Nasjonalbiblioteket har tradisjonelt deltatt p\u00e5 brukerm\u00f8tene og i \u00e5r er intet unntak. Trond Myklebust fra Nasjonalbiblioteket vil snakke om Nasjonalbibliotekets digitale samlinger ut til publikum. Alt dette skjer p\u00e5 dag 1 av Brukerm\u00f8te.<\/p>\n\n\n\n<p>Dag 2 har vi v\u00e6rt s\u00e5 heldige \u00e5 f\u00e5 med Line Hansen Hjellup, bibliotekansvarlig p\u00e5 Spangereid skole i Lindesnes kommune. Hun skal snakke om hvordan skoler og folkebibliotek kan jobbe tettere sammen. Spangereid skole har arbeidet med \u00e5 sette lesing i system i over ti \u00e5r, og er en foregangsskole p\u00e5 dette feltet. Samme dag har Bibliotek-Systemer As som vanlig parallelle sesjoner med nytt og nyttig fra Bibliofil.<\/p>\n\n\n\n<h3 class=\"wp-block-heading\">Intet brukerm\u00f8te uten festmiddag!<\/h3>\n\n\n\n<p>I \u00e5r drar vi til \u00d8lbergstranden og restaurant Strandhuset. Restauranten ligger i sj\u00f8kanten p\u00e5 en av J\u00e6rens flotte strender med vinduer ut mot havet og vi gleder oss til \u00e5 f\u00e5 skjerpet b\u00e5de smaks- s\u00e5 vel som synssansene.<\/p>\n\n\n\n<p>F\u00f8r dette m\u00f8tes vi p\u00e5 S\u00f8lvberget for mottakelse, mingling og omvisning.<\/p>\n\n\n\n<p>Det blir felles buss til og fra Strandhuset restaurant.<\/p>\n\n\n\n<h3 class=\"wp-block-heading\">Kurs<\/h3>\n\n\n\n<p>I \u00e5r avholder Bibliotek-Systemer sitt \u00e5rlige kurs etter Brukerm\u00f8te, heller enn dagen f\u00f8r som har v\u00e6rt vanlig tidligere \u00e5r. Kurset blir avholdt p\u00e5 samme hotell som Brukerm\u00f8te, fra kl. 14.00 til 17.00 onsdag 8. mai og vil handle om \u00abnye\u00bb Bibliofil i nettleseren. Pris kr 500,- pr. person. P\u00e5melding til dette kan gj\u00f8res p\u00e5 e-post til kurs@bibsyst.no Vi ser frem til \u00e5 m\u00f8tes i Stavanger! Arbeidsutvalget <\/p>\n","protected":false},"excerpt":{"rendered":"<p>Velkommen til Bibliofil Brukerm\u00f8te i Stavanger \u00c5rets Brukerm\u00f8te g\u00e5r av stabelen 7. og 8. mai p\u00e5 Clarion hotell Stavanger. Vertskap er S\u00f8lvberget bibliotek og kulturhus, noe vi synes er utrolig flott ettersom S\u00f8lvberget bibliotek og kulturhus f\u00f8rst kom med i &hellip; <a href=\"https:\/\/www.arbeidsutvalget.no\/?page_id=2387\">Les videre <span class=\"meta-nav\">&rarr;<\/span><\/a><\/p>\n","protected":false},"author":14,"featured_media":0,"parent":2205,"menu_order":0,"comment_status":"closed","ping_status":"closed","template":"","meta":{"footnotes":""},"class_list":["post-2387","page","type-page","status-publish","hentry"],"_links":{"self":[{"href":"https:\/\/www.arbeidsutvalget.no\/index.php?rest_route=\/wp\/v2\/pages\/2387","targetHints":{"allow":["GET"]}}],"collection":[{"href":"https:\/\/www.arbeidsutvalget.no\/index.php?rest_route=\/wp\/v2\/pages"}],"about":[{"href":"https:\/\/www.arbeidsutvalget.no\/index.php?rest_route=\/wp\/v2\/types\/page"}],"author":[{"embeddable":true,"href":"https:\/\/www.arbeidsutvalget.no\/index.php?rest_route=\/wp\/v2\/users\/14"}],"replies":[{"embeddable":true,"href":"https:\/\/www.arbeidsutvalget.no\/index.php?rest_route=%2Fwp%2Fv2%2Fcomments&post=2387"}],"version-history":[{"count":2,"href":"https:\/\/www.arbeidsutvalget.no\/index.php?rest_route=\/wp\/v2\/pages\/2387\/revisions"}],"predecessor-version":[{"id":2466,"href":"https:\/\/www.arbeidsutvalget.no\/index.php?rest_route=\/wp\/v2\/pages\/2387\/revisions\/2466"}],"up":[{"embeddable":true,"href":"https:\/\/www.arbeidsutvalget.no\/index.php?rest_route=\/wp\/v2\/pages\/2205"}],"wp:attachment":[{"href":"https:\/\/www.arbeidsutvalget.no\/index.php?rest_route=%2Fwp%2Fv2%2Fmedia&parent=2387"}],"curies":[{"name":"wp","href":"https:\/\/api.w.org\/{rel}","templated":true}]}}