{"id":2290,"date":"2019-05-06T10:10:02","date_gmt":"2019-05-06T09:10:02","guid":{"rendered":"http:\/\/www.arbeidsutvalget.no\/?page_id=2290"},"modified":"2019-05-06T10:30:31","modified_gmt":"2019-05-06T09:30:31","slug":"arsmelding-2018-2019","status":"publish","type":"page","link":"https:\/\/www.arbeidsutvalget.no\/?page_id=2290","title":{"rendered":"\u00c5rsmelding 2018\/2019"},"content":{"rendered":"\n<h2 class=\"wp-block-heading\">\u00c5rsberetning 2018\/2019 <\/h2>\n\n\n\n<p>Bibliofilforeningen.&nbsp;\nArbeidsutvalget (AU)<\/p>\n\n\n\n<p>Arbeidsutvalget har best\u00e5tt av\nf\u00f8lgende medlemmer: Elisabeth S. J\u00e6ger, Hammerfest bibliotek (leder), Liv Randi\nFoss, \u00c5lesund bibliotek, Magnus Andre Wand\u00e5s, Ullensaker bibliotek og Anne Klovning,\nStavanger bibliotek og kulturhus. <\/p>\n\n\n\n<p>Henriette Thoner fra\nBibliotek-Systemer As har deltatt p\u00e5 m\u00f8ter og epostkorrespondanse. Hun har hatt\nansvar for regnskap, p\u00e5meldinger, booking av hotell og ellers assistert AU.<\/p>\n\n\n\n<p><strong>Aktivitet:<br>\n<\/strong>AU har avholdt ett\nm\u00f8te p\u00e5 S\u00f8lvberget bibliotek og kulturhus og et m\u00f8te p\u00e5 Skype.&nbsp;M\u00f8tene ble brukt til evaluering av brukerm\u00f8tet i\n\u00c5lesund og planlegging av \u00e5rets brukerm\u00f8te. <\/p>\n\n\n\n<p>Utenom m\u00f8tene har det foreg\u00e5tt\nutstrakt kommunikasjon per e-post og telefon. <\/p>\n\n\n\n<p>M\u00f8tereferat og annen viktig\ninformasjon er publisert p\u00e5 nettet.&nbsp; Adressen er\nhttps:\/\/www.arbeidsutvalget.no&nbsp;med standard brukernavn og passord.<\/p>\n\n\n\n<p><strong>Fagutvalg:<br>\n<\/strong>M\u00f8tereferat og halv\u00e5rsrapporter blir\nlagt ut p\u00e5 nettsidene.<\/p>\n\n\n\n<p><strong>\u00d8konomi:<\/strong><br>\nBrukerbibliotekene betaler for Bibliofilforeningens virksomhet.&nbsp;\nBibliotek-Systemer As f\u00f8rer regnskapet for Bibliofilforeningen og fakturerer\nbibliotekene. Brukerm\u00f8tet skal helst v\u00e6re selvfinansierende.<\/p>\n\n\n\n<p>Bibliofilforeningen hadde i 2018 et overskudd p\u00e5\nkr. 105.845 Nok. AU vil i 2019 jobbe for \u00e5 f\u00e5 budsjettet i balanse slik at\nforeningen ikke sitter med s\u00e5 stor kapitalbeholdning. <\/p>\n\n\n\n<p>For Bibliofilforeningen, AU<br>\n23.04.2019<\/p>\n\n\n\n<p>Elisabeth S. J\u00e6ger<\/p>\n","protected":false},"excerpt":{"rendered":"<p>\u00c5rsberetning 2018\/2019 Bibliofilforeningen.&nbsp; Arbeidsutvalget (AU) Arbeidsutvalget har best\u00e5tt av f\u00f8lgende medlemmer: Elisabeth S. J\u00e6ger, Hammerfest bibliotek (leder), Liv Randi Foss, \u00c5lesund bibliotek, Magnus Andre Wand\u00e5s, Ullensaker bibliotek og Anne Klovning, Stavanger bibliotek og kulturhus. Henriette Thoner fra Bibliotek-Systemer As har &hellip; <a href=\"https:\/\/www.arbeidsutvalget.no\/?page_id=2290\">Les videre <span class=\"meta-nav\">&rarr;<\/span><\/a><\/p>\n","protected":false},"author":14,"featured_media":0,"parent":272,"menu_order":0,"comment_status":"closed","ping_status":"closed","template":"","meta":{"footnotes":""},"class_list":["post-2290","page","type-page","status-publish","hentry"],"_links":{"self":[{"href":"https:\/\/www.arbeidsutvalget.no\/index.php?rest_route=\/wp\/v2\/pages\/2290","targetHints":{"allow":["GET"]}}],"collection":[{"href":"https:\/\/www.arbeidsutvalget.no\/index.php?rest_route=\/wp\/v2\/pages"}],"about":[{"href":"https:\/\/www.arbeidsutvalget.no\/index.php?rest_route=\/wp\/v2\/types\/page"}],"author":[{"embeddable":true,"href":"https:\/\/www.arbeidsutvalget.no\/index.php?rest_route=\/wp\/v2\/users\/14"}],"replies":[{"embeddable":true,"href":"https:\/\/www.arbeidsutvalget.no\/index.php?rest_route=%2Fwp%2Fv2%2Fcomments&post=2290"}],"version-history":[{"count":1,"href":"https:\/\/www.arbeidsutvalget.no\/index.php?rest_route=\/wp\/v2\/pages\/2290\/revisions"}],"predecessor-version":[{"id":2291,"href":"https:\/\/www.arbeidsutvalget.no\/index.php?rest_route=\/wp\/v2\/pages\/2290\/revisions\/2291"}],"up":[{"embeddable":true,"href":"https:\/\/www.arbeidsutvalget.no\/index.php?rest_route=\/wp\/v2\/pages\/272"}],"wp:attachment":[{"href":"https:\/\/www.arbeidsutvalget.no\/index.php?rest_route=%2Fwp%2Fv2%2Fmedia&parent=2290"}],"curies":[{"name":"wp","href":"https:\/\/api.w.org\/{rel}","templated":true}]}}