{"id":2205,"date":"2018-12-14T15:30:56","date_gmt":"2018-12-14T14:30:56","guid":{"rendered":"http:\/\/www.arbeidsutvalget.no\/?page_id=2205"},"modified":"2018-12-14T15:41:23","modified_gmt":"2018-12-14T14:41:23","slug":"2019-stavanger","status":"publish","type":"page","link":"https:\/\/www.arbeidsutvalget.no\/?page_id=2205","title":{"rendered":"2019: Stavanger"},"content":{"rendered":"<p>S\u00f8lvberget bibliotek og kulturhus er vertskap for brukerm\u00f8tet som arrangeres p\u00e5 Clarion hotell Stavanger.<\/p>\n<p>Dato for brukerm\u00f8tet er 7. \u2013 8. mai 2019.<\/p>\n<p><a href=\"https:\/\/www.arbeidsutvalget.no\/?page_id=2207\">Program<\/a><\/p>\n","protected":false},"excerpt":{"rendered":"<p>S\u00f8lvberget bibliotek og kulturhus er vertskap for brukerm\u00f8tet som arrangeres p\u00e5 Clarion hotell Stavanger. Dato for brukerm\u00f8tet er 7. \u2013 8. mai 2019. Program<\/p>\n","protected":false},"author":14,"featured_media":0,"parent":23,"menu_order":1,"comment_status":"closed","ping_status":"closed","template":"","meta":{"footnotes":""},"class_list":["post-2205","page","type-page","status-publish","hentry"],"_links":{"self":[{"href":"https:\/\/www.arbeidsutvalget.no\/index.php?rest_route=\/wp\/v2\/pages\/2205","targetHints":{"allow":["GET"]}}],"collection":[{"href":"https:\/\/www.arbeidsutvalget.no\/index.php?rest_route=\/wp\/v2\/pages"}],"about":[{"href":"https:\/\/www.arbeidsutvalget.no\/index.php?rest_route=\/wp\/v2\/types\/page"}],"author":[{"embeddable":true,"href":"https:\/\/www.arbeidsutvalget.no\/index.php?rest_route=\/wp\/v2\/users\/14"}],"replies":[{"embeddable":true,"href":"https:\/\/www.arbeidsutvalget.no\/index.php?rest_route=%2Fwp%2Fv2%2Fcomments&post=2205"}],"version-history":[{"count":2,"href":"https:\/\/www.arbeidsutvalget.no\/index.php?rest_route=\/wp\/v2\/pages\/2205\/revisions"}],"predecessor-version":[{"id":2210,"href":"https:\/\/www.arbeidsutvalget.no\/index.php?rest_route=\/wp\/v2\/pages\/2205\/revisions\/2210"}],"up":[{"embeddable":true,"href":"https:\/\/www.arbeidsutvalget.no\/index.php?rest_route=\/wp\/v2\/pages\/23"}],"wp:attachment":[{"href":"https:\/\/www.arbeidsutvalget.no\/index.php?rest_route=%2Fwp%2Fv2%2Fmedia&parent=2205"}],"curies":[{"name":"wp","href":"https:\/\/api.w.org\/{rel}","templated":true}]}}