{"id":2105,"date":"2018-03-01T14:53:54","date_gmt":"2018-03-01T13:53:54","guid":{"rendered":"http:\/\/www.arbeidsutvalget.no\/?page_id=2105"},"modified":"2018-03-01T14:53:54","modified_gmt":"2018-03-01T13:53:54","slug":"invitasjon","status":"publish","type":"page","link":"https:\/\/www.arbeidsutvalget.no\/?page_id=2105","title":{"rendered":"Invitasjon"},"content":{"rendered":"<p><strong>P\u00e5meldingsfrist<\/strong>: 20. mars 2018<\/p>\n<p>Vi har gleden av \u00e5 invitere deg til brukerm\u00f8te tirsdag 24. april og onsdag 25. april 2018 i \u00c5lesund. Vertsbibliotek er\u00a0\u00c5lesund bibliotek.<\/p>\n<p><a href=\"https:\/\/www.arbeidsutvalget.no\/cgi-bin\/webmail?form=brukermote2018\">P\u00e5meldingsskjema<\/a>\u00a0ligger her!<\/p>\n<p>Vi har satt sammen et faglig program som vi h\u00e5per vil gi deg inspirasjon og faglig p\u00e5fyll du kan ta med hjem og bruke i ditt bibliotek. P\u00e5 brukerm\u00f8tet f\u00e5r du kunnskap om Bibliofil og hva som er nytt, og du f\u00e5r muligheten til \u00e5 diskutere med andre som er opptatt av det samme som deg.<\/p>\n<p>I tillegg til de faste postene til Bibliotek-Systemer har vi fire spennende eksterne foredragsholdere.<\/p>\n<p>Tirsdag blir det foredrag med Rigmor Haug fra Larvik bibliotek om erfaringer med Bibliofil p\u00e5 web. Kjersti Eide Hatlen fra Bergen Off. bibliotek kommer og forteller om deres erfaringer med \u00e5 lage podkast i biblioteket og Veslem\u00f8y Grinde fra Sandefjord bibliotek deler erfaringer de har gjort med \u00e5 sl\u00e5 sammen kataloger i forbindelse med kommunesammensl\u00e5ing.<\/p>\n<p>Onsdag er Hilde H\u00f8g\u00e5s fra Nasjonalbiblioteket tilbake p\u00e5 brukerm\u00f8tet. Hun var p\u00e5 L\u00f8renskog i fjor og snakket om Biblioteks\u00f8k og autoritetsregister. I \u00e5r vil hun snakke om Resource Description and Access (RDA).<\/p>\n<h2><strong>Praktisk informasjon<\/strong><\/h2>\n<h3><strong>Reise til \u00c5lesund<\/strong><\/h3>\n<p>Det g\u00e5r fly fra Oslo, Bergen og Trondheim til \u00c5lesund. Flybussen fra Vigra g\u00e5r 15 min. etter hver ankomst og tar 20 min. til sentrum. Fra Rutebilstasjonen vis-\u00e0-vis r\u00e5dhuset og biblioteket, tar det ca. 5-10 min. \u00e5 g\u00e5 til Quality Hotel Waterfront: Over Brosundbroa og vestover.<\/p>\n<h3><strong>Sosialt<\/strong><\/h3>\n<p>\u00c5lesund bibliotek, som ligger i r\u00e5dhusets lavblokk, inviterer til mottakelse i forkant av festmiddagen. Etter mottakelsen g\u00e5r vi opp (evt. tar taxi \u2013 det settes ikke opp felles transport) til Fjellstua. Fjellstua ligger p\u00e5 byfjellet Aksla i gangavstand fra biblioteket. Vi g\u00e5r til byparken og opp de 418 trappetrinnene til Fjellstua p\u00e5 130 moh. Turen tar 15-30 min. Husk gode sko!<\/p>\n<p>I tillegg til det faglige programmet er brukerm\u00f8tet en fin anledning til \u00e5 m\u00f8te kollegaer i andre bibliotek. Erfaringsutveksling b\u00e5de i og utenfor det oppsatte programmet er en viktig del av m\u00f8tet.<\/p>\n<h3><strong>Kurs<\/strong><\/h3>\n<p>Bibliotek-Systemer As vil ogs\u00e5 i \u00e5r arrangere kurs dagen f\u00f8r selve brukerm\u00f8tet (mandag 23. april).\u00a0Egen p\u00e5melding for dette kurset, se kurs-invitasjon fra Bibliotek-Systemer As.<\/p>\n<h3><strong>Priser<\/strong><\/h3>\n<ul>\n<li>Ordin\u00e6r deltakeravgift er kr 3.000<\/li>\n<\/ul>\n<p>Alternativt for deltakere som ikke skal overnatte:<\/p>\n<ul>\n<li>M\u00f8te 24. april og 25. april, uten overnatting, med lunsj, kaffepauser og festmiddag: 1850,-<\/li>\n<li>M\u00f8te 24. april med kaffepauser, lunsj og festmiddag: 1350,-<\/li>\n<li>M\u00f8te 24. april med kaffepauser og lunsj: 500,-<\/li>\n<li>M\u00f8te 25. april med kaffepauser og lunsj: 500,-<\/li>\n<li>Ekstra overnatting pr. pers: 1000,-<\/li>\n<\/ul>\n<p>&nbsp;<\/p>\n","protected":false},"excerpt":{"rendered":"<p>P\u00e5meldingsfrist: 20. mars 2018 Vi har gleden av \u00e5 invitere deg til brukerm\u00f8te tirsdag 24. april og onsdag 25. april 2018 i \u00c5lesund. Vertsbibliotek er\u00a0\u00c5lesund bibliotek. P\u00e5meldingsskjema\u00a0ligger her! Vi har satt sammen et faglig program som vi h\u00e5per vil gi &hellip; <a href=\"https:\/\/www.arbeidsutvalget.no\/?page_id=2105\">Les videre <span class=\"meta-nav\">&rarr;<\/span><\/a><\/p>\n","protected":false},"author":14,"featured_media":0,"parent":2092,"menu_order":0,"comment_status":"closed","ping_status":"closed","template":"","meta":{"footnotes":""},"class_list":["post-2105","page","type-page","status-publish","hentry"],"_links":{"self":[{"href":"https:\/\/www.arbeidsutvalget.no\/index.php?rest_route=\/wp\/v2\/pages\/2105","targetHints":{"allow":["GET"]}}],"collection":[{"href":"https:\/\/www.arbeidsutvalget.no\/index.php?rest_route=\/wp\/v2\/pages"}],"about":[{"href":"https:\/\/www.arbeidsutvalget.no\/index.php?rest_route=\/wp\/v2\/types\/page"}],"author":[{"embeddable":true,"href":"https:\/\/www.arbeidsutvalget.no\/index.php?rest_route=\/wp\/v2\/users\/14"}],"replies":[{"embeddable":true,"href":"https:\/\/www.arbeidsutvalget.no\/index.php?rest_route=%2Fwp%2Fv2%2Fcomments&post=2105"}],"version-history":[{"count":1,"href":"https:\/\/www.arbeidsutvalget.no\/index.php?rest_route=\/wp\/v2\/pages\/2105\/revisions"}],"predecessor-version":[{"id":2106,"href":"https:\/\/www.arbeidsutvalget.no\/index.php?rest_route=\/wp\/v2\/pages\/2105\/revisions\/2106"}],"up":[{"embeddable":true,"href":"https:\/\/www.arbeidsutvalget.no\/index.php?rest_route=\/wp\/v2\/pages\/2092"}],"wp:attachment":[{"href":"https:\/\/www.arbeidsutvalget.no\/index.php?rest_route=%2Fwp%2Fv2%2Fmedia&parent=2105"}],"curies":[{"name":"wp","href":"https:\/\/api.w.org\/{rel}","templated":true}]}}