{"id":1905,"date":"2017-09-12T07:50:26","date_gmt":"2017-09-12T06:50:26","guid":{"rendered":"http:\/\/www.arbeidsutvalget.no\/?page_id=1905"},"modified":"2017-09-12T07:50:44","modified_gmt":"2017-09-12T06:50:44","slug":"arsmelding-20162017","status":"publish","type":"page","link":"https:\/\/www.arbeidsutvalget.no\/?page_id=1905","title":{"rendered":"\u00c5rsmelding 2016\/2017"},"content":{"rendered":"<h2>\u00c5rsmelding 2016\/2017<\/h2>\n<p>Bibliofilforeningen.\u00a0 Arbeidsutvalget (AU)<\/p>\n<p>Etter valget p\u00e5 brukerm\u00f8tet 2016 bestod arbeidsutvalget av f\u00f8lgende medlemmer: Bj\u00f8rn Rune Kristmoen, Hamar bibliotek (leder), Heidi Merete Gleden, Kongsberg bibliotek, Ingrid \u00d8stlyngen, L\u00f8renskog bibliotek og Ingeborg Westerman Hansen.<\/p>\n<p>Bj\u00f8rn Rune Kristmoen og Ingeborg Westerman Hansen trakk seg fra sine verv i Januar 2017. Varamedlemmene Beate Bj\u00f8rklund, S\u00f8gne bibliotek og Veslem\u00f8y Grinde, Sandefjord bibliotek, ble da innkalt for \u00e5 v\u00e6re med i planleggingen og gjennomf\u00f8ringen av brukerm\u00f8tet 2017. Ingrid \u00d8stlyngen har fungert som leder fra februar 2017.<\/p>\n<p>Henriette Thoner fra Bibliotek-Systemer As har deltatt p\u00e5 m\u00f8ter og epostkorrespondanse. Hun har hatt ansvar for regnskap, p\u00e5meldinger, booking av hotell og ellers assistert AU.<\/p>\n<p><strong>Aktivitet:<br \/>\n<\/strong>Det har blitt avholdt to m\u00f8ter i perioden, i november 2016 og februar 2017, begge p\u00e5 L\u00f8renskog bibliotek.\u00a0 Tema p\u00e5 m\u00f8tene har v\u00e6rt evaluering av brukerm\u00f8tet p\u00e5 Kongsberg og planlegging av \u00e5rets brukerm\u00f8te.<\/p>\n<p>Kommunikasjon utenom m\u00f8tene har i all hovedsak foreg\u00e5tt p\u00e5 e-post.<\/p>\n<p>M\u00f8tereferat og annen viktig informasjon er publisert p\u00e5 nettet.\u00a0 Adressen er https:\/\/www.arbeidsutvalget.no\u00a0med standard brukernavn og passord.<\/p>\n<p><strong>Fagutvalg:<br \/>\n<\/strong>M\u00f8tereferat og halv\u00e5rsrapporter blir lagt ut p\u00e5 nettsidene.<\/p>\n<p><strong>\u00d8konomi:<\/strong><br \/>\nBrukerbibliotekene betaler for Bibliofilforeningens virksomhet.\u00a0 Bibliotek-Systemer As f\u00f8rer regnskapet for Bibliofilforeningen og fakturerer bibliotekene. Brukerm\u00f8tet skal helst v\u00e6re selvfinansierende.<\/p>\n<p>I 2016 hadde AU et overskudd p\u00e5 40294,59. Det er p\u00e5beregnet en kostnad i begynnelsen av 2017 for tilbakebetaling av l\u00e5n p\u00e5 kr 20 000 fra Bibliotek-Systemer As.<\/p>\n<p>For Bibliofilforeningen, AU<br \/>\n03.05.2017<\/p>\n<p>Ingrid \u00d8stlyngen<\/p>\n","protected":false},"excerpt":{"rendered":"<p>\u00c5rsmelding 2016\/2017 Bibliofilforeningen.\u00a0 Arbeidsutvalget (AU) Etter valget p\u00e5 brukerm\u00f8tet 2016 bestod arbeidsutvalget av f\u00f8lgende medlemmer: Bj\u00f8rn Rune Kristmoen, Hamar bibliotek (leder), Heidi Merete Gleden, Kongsberg bibliotek, Ingrid \u00d8stlyngen, L\u00f8renskog bibliotek og Ingeborg Westerman Hansen. Bj\u00f8rn Rune Kristmoen og Ingeborg Westerman &hellip; <a href=\"https:\/\/www.arbeidsutvalget.no\/?page_id=1905\">Les videre <span class=\"meta-nav\">&rarr;<\/span><\/a><\/p>\n","protected":false},"author":14,"featured_media":0,"parent":272,"menu_order":0,"comment_status":"closed","ping_status":"closed","template":"","meta":{"footnotes":""},"class_list":["post-1905","page","type-page","status-publish","hentry"],"_links":{"self":[{"href":"https:\/\/www.arbeidsutvalget.no\/index.php?rest_route=\/wp\/v2\/pages\/1905","targetHints":{"allow":["GET"]}}],"collection":[{"href":"https:\/\/www.arbeidsutvalget.no\/index.php?rest_route=\/wp\/v2\/pages"}],"about":[{"href":"https:\/\/www.arbeidsutvalget.no\/index.php?rest_route=\/wp\/v2\/types\/page"}],"author":[{"embeddable":true,"href":"https:\/\/www.arbeidsutvalget.no\/index.php?rest_route=\/wp\/v2\/users\/14"}],"replies":[{"embeddable":true,"href":"https:\/\/www.arbeidsutvalget.no\/index.php?rest_route=%2Fwp%2Fv2%2Fcomments&post=1905"}],"version-history":[{"count":2,"href":"https:\/\/www.arbeidsutvalget.no\/index.php?rest_route=\/wp\/v2\/pages\/1905\/revisions"}],"predecessor-version":[{"id":1907,"href":"https:\/\/www.arbeidsutvalget.no\/index.php?rest_route=\/wp\/v2\/pages\/1905\/revisions\/1907"}],"up":[{"embeddable":true,"href":"https:\/\/www.arbeidsutvalget.no\/index.php?rest_route=\/wp\/v2\/pages\/272"}],"wp:attachment":[{"href":"https:\/\/www.arbeidsutvalget.no\/index.php?rest_route=%2Fwp%2Fv2%2Fmedia&parent=1905"}],"curies":[{"name":"wp","href":"https:\/\/api.w.org\/{rel}","templated":true}]}}