{"id":132,"date":"2012-01-25T18:08:50","date_gmt":"2012-01-25T17:08:50","guid":{"rendered":"http:\/\/www.arbeidsutvalget.no\/?page_id=132"},"modified":"2012-04-20T13:29:06","modified_gmt":"2012-04-20T12:29:06","slug":"2011-lillehammer","status":"publish","type":"page","link":"https:\/\/www.arbeidsutvalget.no\/?page_id=132","title":{"rendered":"2011: Lillehammer"},"content":{"rendered":"<p><em>Alle lenker g\u00e5r til Arbeidsutvalgets gamle nettsted, og \u00e5pnes i nytt vindu\/ny fane.<\/em><\/p>\n<p>Hovedtema: <a href=\"http:\/\/www.nb.no\/bibsok\/start.jsf\" target=\"_blank\">Biblioteks\u00f8k<\/a><em><br \/>\n<\/em><\/p>\n<p><a title=\"Invitasjon Lillehammer 2011\" href=\"gml\/brukermote2011\/Velkommen.html\" target=\"_blank\">Invitasjon<\/a><br \/>\n<a title=\"Transport og avstander\" href=\"gml\/brukermote2011\/Transport%20og%20avstander%20info.pdf\" target=\"_blank\">Transport og avstander til Lillehammer<\/a><br \/>\n<a title=\"Attraksjoner\" href=\"gml\/brukermote2011\/Brukermoteinfo1_om_Lhmr,_attraksjoner,_spise_og_drikke_mm.pdf\" target=\"_blank\"> Gunillas informasjon om attraksjoner, spisesteder etc<\/a><br \/>\n<a title=\"Kart Lillehammer\" href=\"http:\/\/www.google.com\/maps\/ms?ie=UTF8&amp;hl=no&amp;msa=0&amp;ll=61.116039,10.472181&amp;spn=0.008748,0.033023&amp;z=16&amp;msid=204132774591583141041.00049f49ca26606efea60\" target=\"_blank\"> Kart med henvisning til viktige steder i Lillehammer<\/a><\/p>\n<p><a title=\"Dagsorden Lillehammer\" href=\"gml\/brukermote2011\/program.html\" target=\"_blank\">Dagsorden<\/a><br \/>\n<strong><a title=\"Referat 3.mai 2011\" href=\"gml\/brukermote2011\/referat_dag1_2011.html\" target=\"_blank\">Referat 3. mai<\/a><\/strong><br \/>\n<strong><a title=\"Referat 4.mai 2011\" href=\"gml\/brukermote2011\/referat_dag2_2011.html\" target=\"_blank\"> Referat 4. mai<\/a><\/strong><\/p>\n<p><a title=\"Delatgere 2011\" href=\"gml\/brukermote2011\/brukermotedeltakere.html\" target=\"_blank\">Deltakere<\/a><\/p>\n<p>Ingen sp\u00f8rsm\u00e5l til Bibliotek-Systemer AS.<br \/>\nSaker til avstemning: Mandat for fagutvalg for brukertjenester.<br \/>\nStiftelse av Bibliofilforeningen<\/p>\n<p>Gruppearbeid:<br \/>\n<a title=\"Gruppene\" href=\"gml\/brukermote2011\/gruppedag.html\" target=\"_blank\"> Gruppeinndeling<\/a><br \/>\n<a title=\"Gruppeoppgaver\" href=\"gml\/brukermote2011\/gruppeoppgaver.html\" target=\"_blank\">Gruppeoppgaver<\/a><br \/>\n<a title=\"Referat gruppearbeid\" href=\"gml\/brukermote2011\/referatgruppearbeid.html\" target=\"_blank\">Referat fra gruppearbeidet<\/a><\/p>\n<div id=\"attachment_137\" style=\"width: 650px\" class=\"wp-caption alignleft\"><a href=\"https:\/\/www.arbeidsutvalget.no\/wp-content\/uploads\/2012\/01\/lillehammer-2011-salen.jpg\"><img loading=\"lazy\" decoding=\"async\" aria-describedby=\"caption-attachment-137\" class=\" wp-image-137 \" title=\"lillehammer 2011 salen\" src=\"https:\/\/www.arbeidsutvalget.no\/wp-content\/uploads\/2012\/01\/lillehammer-2011-salen-1024x294.jpg\" alt=\"Deltagere p\u00e5 brukerm\u00f8tet 2011, Lillehammer\" width=\"640\" height=\"183\" srcset=\"https:\/\/www.arbeidsutvalget.no\/wp-content\/uploads\/2012\/01\/lillehammer-2011-salen-1024x294.jpg 1024w, https:\/\/www.arbeidsutvalget.no\/wp-content\/uploads\/2012\/01\/lillehammer-2011-salen-300x86.jpg 300w\" sizes=\"auto, (max-width: 640px) 100vw, 640px\" \/><\/a><p id=\"caption-attachment-137\" class=\"wp-caption-text\">Deltagere p\u00e5 brukerm\u00f8tet 2011, Lillehammer. Foto: Veslem\u00f8y Grinde, Bibliotek-Systemer AS<\/p><\/div>\n<p>&nbsp;<\/p>\n","protected":false},"excerpt":{"rendered":"<p>Alle lenker g\u00e5r til Arbeidsutvalgets gamle nettsted, og \u00e5pnes i nytt vindu\/ny fane. Hovedtema: Biblioteks\u00f8k Invitasjon Transport og avstander til Lillehammer Gunillas informasjon om attraksjoner, spisesteder etc Kart med henvisning til viktige steder i Lillehammer Dagsorden Referat 3. mai Referat &hellip; <a href=\"https:\/\/www.arbeidsutvalget.no\/?page_id=132\">Les videre <span class=\"meta-nav\">&rarr;<\/span><\/a><\/p>\n","protected":false},"author":14,"featured_media":0,"parent":23,"menu_order":19,"comment_status":"open","ping_status":"open","template":"","meta":{"footnotes":""},"class_list":["post-132","page","type-page","status-publish","hentry"],"_links":{"self":[{"href":"https:\/\/www.arbeidsutvalget.no\/index.php?rest_route=\/wp\/v2\/pages\/132","targetHints":{"allow":["GET"]}}],"collection":[{"href":"https:\/\/www.arbeidsutvalget.no\/index.php?rest_route=\/wp\/v2\/pages"}],"about":[{"href":"https:\/\/www.arbeidsutvalget.no\/index.php?rest_route=\/wp\/v2\/types\/page"}],"author":[{"embeddable":true,"href":"https:\/\/www.arbeidsutvalget.no\/index.php?rest_route=\/wp\/v2\/users\/14"}],"replies":[{"embeddable":true,"href":"https:\/\/www.arbeidsutvalget.no\/index.php?rest_route=%2Fwp%2Fv2%2Fcomments&post=132"}],"version-history":[{"count":15,"href":"https:\/\/www.arbeidsutvalget.no\/index.php?rest_route=\/wp\/v2\/pages\/132\/revisions"}],"predecessor-version":[{"id":362,"href":"https:\/\/www.arbeidsutvalget.no\/index.php?rest_route=\/wp\/v2\/pages\/132\/revisions\/362"}],"up":[{"embeddable":true,"href":"https:\/\/www.arbeidsutvalget.no\/index.php?rest_route=\/wp\/v2\/pages\/23"}],"wp:attachment":[{"href":"https:\/\/www.arbeidsutvalget.no\/index.php?rest_route=%2Fwp%2Fv2%2Fmedia&parent=132"}],"curies":[{"name":"wp","href":"https:\/\/api.w.org\/{rel}","templated":true}]}}